rs of 95627440?
2, 5, 383, 3121
List the prime factors of 59540034.
2, 3, 19, 522281
What are the prime factors of 49616885?
5, 19, 522283
List the prime factors of 6656191443.
3, 11, 31, 137, 1759
List the prime factors of 2983396748.
2, 11777, 63331
What are the prime factors of 651861757?
651861757
What are the prime factors of 550131228?
2, 3, 15281423
What are the prime factors of 241142222?
2, 120571111
List the prime factors of 1667909308.
2, 13, 23, 1394573
List the prime factors of 3221610.
2, 3, 5, 7, 23, 29
What are the prime factors of 263229393?
3, 7, 449, 27917
List the prime factors of 87188465.
5, 7, 13, 37, 5179
List the prime factors of 1407693827.
1407693827
List the prime factors of 89229357.
3, 7, 52457
List the prime factors of 785796001.
785796001
List the prime factors of 3472725157.
11, 315702287
List the prime factors of 87520353.
3, 29173451
What are the prime factors of 2401636937?
7, 17, 20181823
List the prime factors of 2347811826.
2, 3, 17, 23017763
What are the prime factors of 358973570?
2, 5, 1531, 23447
List the prime factors of 1547289145.
5, 309457829
What are the prime factors of 951266496?
2, 3, 31, 181, 883
List the prime factors of 677102546.
2, 83, 1051, 3881
What are the prime factors of 3968222494?
2, 191, 1553, 6689
What are the prime factors of 47407007?
89, 532663
What are the prime factors of 8211762106?
2, 14869, 276137
What are the prime factors of 766745869?
766745869
List the prime factors of 37439393.
151, 247943
What are the prime factors of 652527039?
3, 443, 490991
What are the prime factors of 465800620?
2, 5, 1021, 22811
What are the prime factors of 66262661?
66262661
List the prime factors of 26641160.
2, 5, 7, 13, 563
What are the prime factors of 378481328?
2, 83, 103, 2767
What are the prime factors of 195475719?
3, 65158573
What are the prime factors of 7939710?
2, 3, 5, 47, 1877
What are the prime factors of 118259903?
118259903
What are the prime factors of 14682265?
5, 13, 29, 7789
What are the prime factors of 216016084?
2, 54004021
List the prime factors of 116239162.
2, 13, 89, 191, 263
List the prime factors of 156122817.
3, 181, 317, 907
What are the prime factors of 388111053?
3, 11, 11760941
What are the prime factors of 3554415?
3, 5, 113, 233
What are the prime factors of 208219992?
2, 3, 8675833
List the prime factors of 4162951054.
2, 2081475527
What are the prime factors of 2156439333?
3, 19, 29, 701, 1861
List the prime factors of 78969507.
3, 37, 711437
What are the prime factors of 126463402?
2, 13, 1487, 3271
What are the prime factors of 161628249?
3, 1297, 41539
What are the prime factors of 25282448?
2, 863, 1831
What are the prime factors of 43816890?
2, 3, 5, 13, 283, 397
What are the prime factors of 4616401524?
2, 3, 7, 1663, 4721
List the prime factors of 180680439.
3, 60226813
What are the prime factors of 156710003?
156710003
List the prime factors of 90387642.
2, 3, 131, 114997
What are the prime factors of 52529630?
2, 5, 5252963
What are the prime factors of 190605448?
2, 11, 2165971
What are the prime factors of 630030289?
7, 421, 4363
What are the prime factors of 23122414?
2, 7, 17, 13879
List the prime factors of 112029846.
2, 3, 31, 602311
List the prime factors of 67000766.
2, 7, 4785769
List the prime factors of 129664.
2, 1013
What are the prime factors of 1096583832?
2, 3, 31, 79, 691
What are the prime factors of 1552943?
7, 221849
List the prime factors of 2730236179.
11, 19, 37, 89, 3967
What are the prime factors of 59213070?
2, 3, 5, 7, 29, 463
List the prime factors of 19910690.
2, 5, 131, 15199
List the prime factors of 1939453122.
2, 3, 1367, 236461
What are the prime factors of 81224555?
5, 17, 401, 2383
List the prime factors of 1547942221.
7, 53, 677, 6163
List the prime factors of 70805304.
2, 3, 983407
What are the prime factors of 54862513?
881, 62273
List the prime factors of 326097509.
43, 67, 113189
What are the prime factors of 771171252?
2, 3, 31, 2073041
What are the prime factors of 3821563387?
227, 16835081
List the prime factors of 137780217.
3, 157, 32503
List the prime factors of 266165074.
2, 7, 29, 655579
What are the prime factors of 1087022828?
2, 271755707
List the prime factors of 2386517903.
7, 11, 997, 4441
What are the prime factors of 186989217?
3, 61, 1021799
List the prime factors of 390107314.
2, 349, 558893
List the prime factors of 1569084259.
1569084259
List the prime factors of 1604665492.
2, 331, 1211983
List the prime factors of 80116027.
19, 4216633
List the prime factors of 5241821534.
2, 2620910767
List the prime factors of 388509225.
3, 5, 13, 398471
List the prime factors of 6398982136.
2, 53, 97, 157, 991
What are the prime factors of 22889325?
3, 5, 83, 3677
What are the prime factors of 1887751661?
2621, 720241
List the prime factors of 423946906.
2, 211973453
List the prime factors of 83355582.
2, 3, 2731, 5087
What are the prime factors of 190781342?
2, 95390671
List the prime factors of 18281356.
2, 383, 11933
What are the prime factors of 201733717?
67, 3010951
List the prime factors of 307979525.
5, 7, 79, 22277
List the prime factors of 1781521028.
2, 7, 23, 395191
List the prime factors of 162161922.
2, 3, 13, 19, 443
List the prime factors of 45073509.
3, 13, 577, 2003
List the prime factors of 1416825409.
1416825409
What are the prime factors of 84781625?
5, 678253
List the prime factors of 296760000.
2, 3, 5, 2473
What are the prime factors of 201521081?
269, 749149
What are the prime factors of 278598793?
11, 23, 53, 79, 263
What are the prime factors of 5765633?
151, 38183
What are the prime factors of 3404185065?
3, 5, 19, 3981503
List the prime factors of 1903374513.
3, 3023, 69959
What are the prime factors of 73043428?
2, 18260857
List the prime factors of 194810666.
2, 97405333
What are the prime factors of 116552386?
2, 47, 1239919
List the prime factors of 384340118.
2, 192170059
List the prime factors of 553284691.
553284691
What are the prime factors of 33929235?
3, 5, 753983
What are the prime factors of 486988673?
9221, 52813
What are the prime factors of 52145180?
2, 5, 1109, 2351
What are the prime factors of 249028169?
13, 61, 71, 4423
What are the prime factors of 134964871?
47, 53, 54181
List the prime factors of 206793530.
2, 5, 19, 1088387
List the prime factors of 138237166.
2, 17, 347, 11717
List the prime factors of 315697107.
3, 11, 869689
List the prime factors of 263150979.
3, 7, 13, 47, 20509
What are the prime factors of 3578318341?
13, 191, 1441127
List the prime factors of 98763908.
2, 29, 851413
What are the prime factors of 282960606?
2, 3, 5623, 8387
What are the prime factors of 118303790?
2, 5, 11, 1075489
List the prime factors of 1677635270.
2, 5, 307, 546461
List the prime factors of 2112200825.
5, 7, 12069719
List the prime factors of 28549737.
3, 3172193
List the prime factors of 111476360.
2, 5, 2786909
What are the prime factors of 109751821?
109751821
What are the prime factors of 7300425?
3, 5, 11, 8849
What are the prime factors of 2394460811?
97, 3313, 7451
What are the prime factors of 2655101845?
5, 11, 89, 251, 2161
What are the prime factors of 2093491424?
2, 269, 243203
What are the prime factors of 225447603?
3, 941, 79861
List the prime factors of 422034377.
709, 595253
List the prime factors of 89205481.
3407, 26183
What are the prime factors of 629967987?
3, 11, 578483
List the prime factors of 51051509.
51051509
What are the prime factors of 170248350?
2, 3, 5, 1134989
What are the prime factors of 48540011?
13, 287219
What are the prime factors of 92322348?
2, 3, 7693529
What are the prime factors of 8794428?
2, 3, 181, 4049
What are the prime factors of 323990420?
2, 5, 13, 17, 23, 3187
What are the prime factors of 3111269798?
2, 7, 13, 19, 79, 1627
What are the prime factors of 783485037?
3, 61, 139, 10267
List the prime factors of 139924934.
2, 69962467
List the prime factors of 344314492.
2, 1367, 62969
What are the prime factors of 1855173117?
3, 7, 67, 1087, 1213
What are the prime factors of 131316625?
5, 11, 43, 2221
What are the prime factors of 511843596?
2, 3, 11, 3877603
What are the prime factors of 540678082?
2, 7, 337, 114599
What are the prime factors of 3126249280?
2, 5, 7, 11, 71, 1787
What are the 